, 23, 307
List the prime factors of 1426578.
2, 3, 237763
List the prime factors of 1094707.
223, 4909
List the prime factors of 4324352.
2, 41, 103
List the prime factors of 301585.
5, 60317
List the prime factors of 1864671.
3, 29, 21433
What are the prime factors of 8479655?
5, 109, 15559
What are the prime factors of 23487860?
2, 5, 11, 241, 443
What are the prime factors of 4042974?
2, 3, 13, 17, 3049
What are the prime factors of 671109?
3, 17, 13159
What are the prime factors of 12005101?
29, 503, 823
List the prime factors of 65205.
3, 5, 7, 23
List the prime factors of 527192.
2, 65899
List the prime factors of 3248586.
2, 3, 11, 1823
What are the prime factors of 4693382?
2, 151, 15541
List the prime factors of 147689.
147689
What are the prime factors of 10241234?
2, 29, 176573
List the prime factors of 519309.
3, 7, 8243
What are the prime factors of 165199?
31, 73
List the prime factors of 2237454.
2, 3, 124303
What are the prime factors of 920364?
2, 3, 76697
What are the prime factors of 320619?
3, 13, 8221
What are the prime factors of 2091813?
3, 697271
List the prime factors of 1074465.
3, 5, 7, 379
List the prime factors of 155934.
2, 3, 8663
What are the prime factors of 1367475?
3, 5, 18233
What are the prime factors of 364647?
3, 197, 617
What are the prime factors of 204840?
2, 3, 5, 569
List the prime factors of 135040.
2, 5, 211
What are the prime factors of 757894?
2, 17, 22291
List the prime factors of 144863.
31, 4673
List the prime factors of 180712.
2, 7, 461
What are the prime factors of 129483?
3, 14387
What are the prime factors of 26708423?
7, 61, 62549
List the prime factors of 162251.
162251
What are the prime factors of 1192243?
13, 91711
List the prime factors of 271561.
23, 11807
What are the prime factors of 76869?
3, 13, 73
List the prime factors of 2805333.
3, 23, 109, 373
What are the prime factors of 388332?
2, 3, 7, 23, 67
List the prime factors of 557711.
7, 11, 7243
List the prime factors of 172243.
172243
List the prime factors of 141819.
3, 41, 1153
What are the prime factors of 521872?
2, 13, 193
What are the prime factors of 3661449?
3, 11, 181, 613
What are the prime factors of 18667823?
19, 103, 9539
List the prime factors of 1791410.
2, 5, 359, 499
What are the prime factors of 1129339?
281, 4019
What are the prime factors of 28772179?
28772179
List the prime factors of 298092.
2, 3, 24841
List the prime factors of 889488.
2, 3, 29, 71
What are the prime factors of 62604?
2, 3, 37, 47
What are the prime factors of 5759693?
5759693
What are the prime factors of 6139148?
2, 1534787
What are the prime factors of 5249514?
2, 3, 874919
List the prime factors of 185127.
3, 23, 2683
List the prime factors of 3423341.
17, 349, 577
What are the prime factors of 39694?
2, 89, 223
What are the prime factors of 1309313?
1309313
What are the prime factors of 139579?
11, 12689
What are the prime factors of 1580444?
2, 395111
What are the prime factors of 584889?
3, 194963
What are the prime factors of 735441?
3, 7, 5003
List the prime factors of 4972996.
2, 7, 97, 1831
What are the prime factors of 326311?
151, 2161
What are the prime factors of 323148?
2, 3, 7, 3847
What are the prime factors of 373678?
2, 257, 727
List the prime factors of 19110.
2, 3, 5, 7, 13
List the prime factors of 339631.
339631
List the prime factors of 5323322.
2, 2661661
What are the prime factors of 737676?
2, 3, 31, 661
List the prime factors of 54941.
54941
List the prime factors of 488816.
2, 137, 223
List the prime factors of 282824.
2, 35353
List the prime factors of 423563.
7, 60509
What are the prime factors of 7618700?
2, 5, 47, 1621
What are the prime factors of 4660464?
2, 3, 151, 643
List the prime factors of 1650935.
5, 11, 13, 2309
What are the prime factors of 8502729?
3, 61, 97, 479
What are the prime factors of 120197?
7, 11, 223
What are the prime factors of 74594?
2, 13, 19, 151
List the prime factors of 707064.
2, 3, 17, 1733
What are the prime factors of 1160888?
2, 31, 151
What are the prime factors of 230530?
2, 5, 23053
List the prime factors of 1189797.
3, 7, 53, 1069
What are the prime factors of 3584012?
2, 896003
What are the prime factors of 610004?
2, 152501
What are the prime factors of 1660248?
2, 3, 23059
What are the prime factors of 7279895?
5, 7, 207997
List the prime factors of 22554483.
3, 7, 1074023
What are the prime factors of 44367?
3, 23, 643
What are the prime factors of 127744?
2, 499
List the prime factors of 288904.
2, 7, 11, 67
List the prime factors of 191000.
2, 5, 191
What are the prime factors of 3267586?
2, 7, 31, 7529
List the prime factors of 304110.
2, 3, 5, 31, 109
What are the prime factors of 12214?
2, 31, 197
List the prime factors of 14321042.
2, 23, 433, 719
What are the prime factors of 319962?
2, 3, 53327
What are the prime factors of 3618930?
2, 3, 5, 7, 19, 907
What are the prime factors of 10741326?
2, 3, 1790221
What are the prime factors of 329187?
3, 197, 557
What are the prime factors of 2885727?
3, 13, 61, 1213
What are the prime factors of 1637864?
2, 204733
What are the prime factors of 466371?
3, 23, 751
What are the prime factors of 773657?
773657
List the prime factors of 490521.
3, 23, 7109
List the prime factors of 4482514.
2, 71, 31567
List the prime factors of 10635751.
7, 233, 6521
List the prime factors of 28776849.
3, 19, 504857
List the prime factors of 293962.
2, 103, 1427
List the prime factors of 3818783.
61, 62603
What are the prime factors of 10433923?
10433923
What are the prime factors of 802158?
2, 3, 7, 71, 269
What are the prime factors of 2400190?
2, 5, 13, 37, 499
What are the prime factors of 6410811?
3, 11, 194267
List the prime factors of 14224295.
5, 647, 4397
List the prime factors of 1605005.
5, 29, 11069
List the prime factors of 4397925.
3, 5, 7, 8377
What are the prime factors of 12062580?
2, 3, 5, 23, 8741
What are the prime factors of 772886?
2, 601, 643
What are the prime factors of 5319632?
2, 332477
What are the prime factors of 19988586?
2, 3, 370159
What are the prime factors of 9525?
3, 5, 127
What are the prime factors of 317879?
241, 1319
List the prime factors of 3171788.
2, 29, 37, 739
What are the prime factors of 6517381?
13, 43, 89, 131
List the prime factors of 2473939.
13, 47, 4049
What are the prime factors of 4735565?
5, 83, 11411
List the prime factors of 2256546.
2, 3, 17, 22123
List the prime factors of 8771222.
2, 4385611
What are the prime factors of 812634?
2, 3, 17, 31, 257
List the prime factors of 12629826.
2, 3, 11, 227, 281
What are the prime factors of 226207?
31, 7297
What are the prime factors of 2335264?
2, 72977
What are the prime factors of 127841?
7, 2609
What are the prime factors of 17694805?
5, 641, 5521
What are the prime factors of 1764090?
2, 3, 5, 17, 1153
What are the prime factors of 4863615?
3, 5, 17, 19073
What are the prime factors of 456776?
2, 57097
What are the prime factors of 4141171?
29, 142799
List the prime factors of 174377.
7, 29, 859
List the prime factors of 950874.
2, 3, 19, 439
List the prime factors of 10763738.
2, 5381869
List the prime factors of 1305436.
2, 11, 29669
What are the prime factors of 24870620?
2, 5, 19, 65449
List the prime factors of 355594.
2, 177797
What are the prime factors of 88646?
2, 127, 349
What are the prime factors of 291350?
2, 5, 5827
List the prime factors of 262669.
11, 23879
List the prime factors of 6024038.
2, 3012019
What are the prime factors of 300911?
13, 79, 293
List the prime factors of 12665258.
2, 6332629
What are the prime factors of 389530?
2, 5, 38953
What are the prime factors of 195466?
2, 17, 5749
List the prime factors of 973234.
2, 486617
List the prime factors of 9743882.
2, 4871941
List the prime factors of 26991.
3, 2999
List the prime factors of 4141393.
337, 12289
List the prime factors of 463919.
463919
What are the prime factors of 303696?
2, 3, 19, 37
List the prime factors of 72483.
3, 37, 653
List the prime factors of 27091260.
2, 3, 5, 7, 2389
List the prime factors of 59006.
2, 163, 181
List the prime factors of 16892915.
5, 13, 293, 887
List the prime factors of 171896.
2, 21487
What are the prime factors of 3640309?
3640309
List the prime factors of 452370.
2, 3, 5, 17, 887
What are the prim